 What is p(o)?
-9
Suppose 0*t = -4*v + 4*t - 12, -2*t - 6 = 2*v. Let p(b) = 2*b + 5*b - 5*b + 3. Give p(v).
-3
Let u be -2 + 1 + -8 + 2. Let y(k) = k**2 + 7*k - 3. Determine y(u).
-3
Let z = -3 + 1. Let b = 1 - z. Let t(f) = -f**2 + 0 + 2 - b*f + 4. What is t(-5)?
-4
Suppose 3*g - 17 = -8. Let x(p) be the third derivative of -p**5/60 + p**4/6 + p**2. Determine x(g).
3
Let o(p) = 2*p + 9 - 13 + 5. What is o(4)?
9
Let y(l) = 4*l + 4. Let z(a) = a + 1. Let c(m) = -2*y(m) + 6*z(m). Suppose -20 = 6*q - 2*q. Give c(q).
8
Let m(l) be the third derivative of l**6/120 + l**5/20 - l**4/24 - l**3/6 + 30*l**2 + 1. What is m(-3)?
2
Let o(w) = -w + 1. Suppose -2*c + 6 = 18. Let y be (2/3)/(4/c). Let t be (5 + y + 0)/(-1). What is o(t)?
5
Let c(z) be the second derivative of 3*z + 0 - 1/12*z**4 - 4*z**2 - 1/6*z**3. Give c(0).
-8
Let w(r) be the third derivative of r**5/60 + 7*r**4/24 + r**3/2 - 15*r**2 + 2. Determine w(-6).
-3
Let v(u) = u**3 + 1. Let q be ((-2)/2)/(-2 - -3). Give v(q).
0
Let p(r) = -r**3 + r**2 + 2*r. Suppose -m = -2*m + 9. Suppose 0 = 5*z - 2*z - m. Suppose 5*d + 5*a = 0, -12 = -0*d + z*d - 3*a. What is p(d)?
8
Let g(c) = -c**2 - 2*c + 1. Let w be (-2)/5 + (-32)/20. Calculate g(w).
1
Let m(s) = s**2 + 8*s + 9. Let c(w) = 1. Let a(d) = 4*c(d) - m(d). Give a(-6).
7
Let q(s) = s**2 - 5*s + 5. Let l be (4/(-2))/(-2) + 8. Let w be (3/l)/((-2)/(-90)). Suppose n - 5 = -2*j, -2*j + 2*n = n - w. What is q(j)?
5
Let q(x) = 5*x + x - 10*x + 3 + 6*x. Let f(y) = -y**2 - y. Let s be f(1). What is q(s)?
-1
Let m(w) be the second derivative of -1/2*w**2 - 1/20*w**5 + 0 - 3*w + 1/6*w**3 + 1/12*w**4. Calculate m(1).
0
Let u = 2 - 0. Let f(z) = 0*z**3 + 0*z**2 - 4*z + 3 + 2*z + u*z**2 - z**3. Suppose v - 5 + 3 = 0. Give f(v).
-1
Let i be (3 + -1)*1/(-2). Let g(x) = x**2 + 3*x. Let f(y) = -2*y. Let k(u) = 6*f(u) + 4*g(u). Calculate k(i).
4
Let r(x) = -x**3 + 3*x**2 + x - 3. Suppose -3*c = 32 - 11. Let d = c + 11. Suppose -2*g = -2*h + 4, -d*g + 0*h = 5*h - 37. Give r(g).
0
Let b(x) = -x + 8. Let r be b(7). Let q(j) = -6*j**3 + 2*j**2 - 1. Calculate q(r).
-5
Let h be 5 + 0 - 0/2. Suppose 2*i = h*i + 3. Let f(x) = -7*x**2 + x + 1. What is f(i)?
-7
Let g = 6 + -2. Suppose l = -v + g*l - 2, -4*l - 14 = -3*v. Suppose -3*f + f + v = 0. Let x(j) = j**2 - 5*j - 3. Determine x(f).
-3
Let d(t) = t**3 + t + 1. Let i be d(0). Let g(z) = 3*z + 5 - i + z - 2*z. Let n(f) = f**3 - 2*f. Let a be n(-2). What is g(a)?
-4
Let d(b) = -b + 2. Let k be d(5). Let m be (0 - (k - -6)) + 3. Let j(x) = m*x + x + x. Calculate j(4).
8
Let z(p) = p + 1. Let h be z(-1). Let c(t) = -4*t**3 + 5*t**2 + 13*t + 1. Let l(q) = q**3 - q**2 - 3*q. Let j(b) = -2*c(b) - 9*l(b). What is j(h)?
-2
Let i(c) = -1 - c**2 - 7 - 8*c + 0*c**2. Suppose 0 = -128*y + 150*y + 132. What is i(y)?
4
Let q(b) be the third derivative of b**5/60 + 7*b**4/24 - 5*b**3/3 - 18*b**2 + 2. Calculate q(-7).
-10
Let b(u) = 221 - 3*u + 212 - 429. Determine b(5).
-11
Let t(i) = -2*i - 1. Let x(z) = -z - 9. Let k be x(-5). Let w(y) = -2*y - 3. Let h be w(k). Suppose -h*s = -2*s - 9. Determine t(s).
-7
Let j = 0 - -1. Let l(q) = -2*q + 9*q**2 + 1 - 8*q**2 + q**2. Give l(j).
1
Let l = 12 - 20. Let g be l/28 - 132/(-21). Let y(v) = v**3 - 6*v**2 + 4. What is y(g)?
4
Suppose 0 = 3*f - 4 - 5. Let n = 9 + -5. Let r(h) = f*h - n*h - h. Calculate r(1).
-2
Let b = -31 - -28. Let n(z) = -6*z + 2. What is n(b)?
20
Let a(x) = -2*x**2 + 1 - 5382*x + 5382*x. Suppose 5*o = -3*h + 11, -4*o - h + 8 = h. Give a(o).
-1
Let j(c) = 3*c**3 + c**2 - 1. Let f be ((-6)/5)/(8/(-20)). Let m be 2 - (3 - (-1 + f)). Give j(m).
3
Let p(q) = 6*q**3 - q**2. Let c(a) = -a**2 + 6*a + 6. Let r be c(7). Give p(r).
-7
Let x(l) be the third derivative of -l**5/60 + 3*l**4/8 - l**3/3 - 15*l**2. Give x(6).
16
Let g(s) = -s**2 - 5*s. Let p be -1*(-6)/(4 + -1). Suppose -2*t + 7*t = -q - 7, 3*q = -2*t + 31. Let w be p/13 + (-67)/q. Calculate g(w).
0
Let w be 29/(-3) + 4/6. Let i(p) = p**3 + 9*p**2 - p - 13. Let g be i(w). Let m(t) = 3 + 4*t + t**2 + 2*t - 3*t. Calculate m(g).
7
Let a = -13 + 17. Let o(k) = -3*k + 7. Let n be o(a). Let b(t) = -t**2 - 5*t - 3. Calculate b(n).
-3
Let s(z) = 5*z**2 + 4*z + 1. Let w(u) = 4*u**2 + 3*u. Let t(i) = 2*s(i) - 3*w(i). Let f be t(1). Let r(c) = 7*c. Determine r(f).
-7
Suppose 0 = -3*k - k. Let f(v) = v**2 + 22 - 5*v - 17 + k*v**2. What is f(5)?
5
Let j(p) = 6*p**2 + 3*p - 1. Let n(u) = -5*u**2 - 3*u + 1. Let l(w) = 6*j(w) + 7*n(w). Give l(2).
-1
Suppose 0 = 5*c - 3*k - 12, 0*c - k - 8 = -3*c. Let t(w) = -2*w + 3. What is t(c)?
-3
Let r = 28 + -28. Suppose 2*z - 10 = r, 3*z = -4*g + 3*g + 14. Let a(b) = 5*b**3 - b. Calculate a(g).
-4
Suppose 3*g + 0 = -4*c + 17, 23 = -3*g + 4*c. Let u(b) be the first derivative of 4*b**3 - b + 2. Determine u(g).
11
Suppose -3*n = 2*n. Let q(b) = 13*b**3 + 0*b**2 + b + 0*b**2 + n*b**2. Let t = 2 - 1. Give q(t).
14
Suppose 2*c - 5 = 3*j + 5, -3*c + 15 = -2*j. Let k(x) = -5*x - 2. What is k(c)?
-27
Let h(t) = t**3 + t**2 - t + 4. Let c be h(0). Let d(n) = n**2 - 4*n + 5. Give d(c).
5
Let r = -173 + 176. Let y(d) = -5*d**3 - 6*d**2 - 6*d + 14. Let f(k) = 2*k**3 + 2*k**2 + 2*k - 5. Let v(b) = -8*f(b) - 3*y(b). Give v(r).
-5
Let r(p) = p - 1. Let d be (0 - -2)*(-2)/4. Let t(l) = 4*l - 7. Suppose 5*x + g - 26 = 0, -4*g = 2*x - 9*g - 32. Let z(b) = d*t(b) + x*r(b). What is z(2)?
5
Suppose -2*g + 2 = -g. Let a(k) = k**3 - k**2 - k. Let r(y) = -5*y**3 + 4*y**2 + 6*y - 2. Let z(d) = 4*a(d) + r(d). What is z(g)?
-6
Let c(k) be the first derivative of -7 + 5*k - 1/2*k**2. What is c(6)?
-1
Let p(q) = -10*q - 18. Let n(w) = -3*w - 6. Let u(f) = -16*n(f) + 5*p(f). Determine u(7).
-8
Let d(o) = -o - 2. Let k(j) = -j**3 + j - 1. Let f(m) = -m**3 + 9*m**2 - 8*m - 2. Let t be f(8). Let p be k(t). What is d(p)?
-7
Let z(t) = 2*t**3 - 2*t**2 + 2*t - 3. Let o(i) = i**2 + 4*i - 10. Let h be o(-6). Give z(h).
9
Let q(l) = l**3 + 5*l**2 + 2*l - 2. Let c(g) = -2*g**3 - 9*g**2 - 4*g + 3. Let t(m) = 3*c(m) + 5*q(m). Let f(x) = -x**2 - 19*x - 61. Let y be f(-15). Give t(y).
0
Suppose -4*d = 2*w - 18, d - 4*w + 0*w = -18. Let g(k) = -4*k**2 + 3 + k + 4*k + k**2 + d*k**2. Determine g(5).
3
Suppose -2 = -w - 7. Let l(p) = -p**3 + 8*p**2 + 7*p + 5. Let x(s) = 6*s - 4*s - s + 1 + 4*s**2 - s**3 - 3*s**2. Let k(n) = -l(n) + 2*x(n). Give k(w).
-3
Let w(j) = 1 + 3 - 3 + 0 + 10*j. Give w(-1).
-9
Let n(m) = 2*m + 5. Let l(y) = -y**2 - 14*y + 4. Let q be l(-14). Determine n(q).
13
Let b(m) = m**3 + m**2 + m. Suppose -5*j = -2*a - 8, 0 = 2*a + 7*j - 3*j - 10. Let n be 0 + (2 - (a - 0)). Let x be (n*0/3)/(-3). Calculate b(x).
0
Let i(c) = -6*c**2 - 9*c + 7. Let a(w) = -7*w**2 - 10*w + 7. Let r(j) = 5*a(j) - 6*i(j). Calculate r(-5).
-2
Suppose -3*k - 5*f = 0, 3 = f - 2*f. Let d(i) = -11*i**3 + 12*i**2 - 21*i. Let v(t) = -5*t**3 + 6*t**2 - 10*t. Let u(y) = 4*d(y) - 9*v(y). Give u(k).
5
Let b(t) = 2*t**3 - 2*t**2 - t - 2. Suppose -4*r - 2*h + 3*h = 6, -2*r = -4*h - 4. Let o = r + -2. Let j(c) = c**2 + 3*c - 2. Let s be j(o). Calculate b(s).
4
Let d(b) = b**3 - 3*b**2 - 4*b. Suppose 0 = -f + 5*g + 29, 4*g - 3*g = 2*f - 13. Determine d(f).
0
Let b(v) be the third derivative of -v**4/12 + v**3 + 4*v**2. Determine b(5).
-4
Let c(s) = 3*s - 3. Let h(z) = z**2 - 8*z - 7. Let k be h(9). Let t(w) = w - 1. Let b(o) = k*c(o) - 4*t(o). Calculate b(4).
6
Let z(y) = -2*y - 4. Let h be (8/(-6))/(6/18). Let i(c) = 2*c + 5. Let k be i(h). What is z(k)?
2
Let p(o) = -2*o + 7. Suppose f - 4*g = -3*g + 7, -3*g - 33 = -5*f. What is p(f)?
-5
Let r(y) = 19*y**2 + 2 - 21*y**2 - 2*y**3 - 5*y + 3*y**3. What is r(3)?
-4
Let z(t) = 10*t**3 + 2*t**2 + 9*t. Let u(b) = 5*b**3 + b**2 + 5*b. Let q(l) = -11*u(l) + 6*z(l). Let p be q(1). Let d(g) = g**2 - 5*g + 7. Calculate d(p).
7
Let i(o) = -o**3 + 5*o**2 - 4*o + 5. Let c be (-6)/15 - 22/(-5). Suppose -5*d + 5*b + 40 = 0, -2*d - 4*b - 7 = -d. Suppose 4*s - d*s = -c. Calculate i(s).
5
Let d = 5 + -4. Suppose -5*p + 2*t = -23, -2*t - 16 = -3*p + d. Let l(x) = p*x**2 + 5*x**3 + 1 + 2*x - 2*x**2 + x**2 - x**2. Give l(-1).
-5
Let g be ((-3)/6)/(1/(-12)). Let p(t) = -g*t - t**2 - t**2 + 3*t**2 + 5. Calculate p(4).
-3
Let o(c) = 3*c + 3*c - 9*c + 4*c - 5. Calculate o(6).
1
Suppose w - 3*h = -1 - 3, 0 = -w - 2*h - 4. Let y be -3*4/(-2